*d + 5*t - v. Suppose 0 = -5*j + 4*u - 729 + d, -4*j - 3*u = -4027. Is j a prime number?
True
Let v be ((-2)/(-2) - 0)/(20/(-540)). Suppose t = -7885 + 56000. Is 6/v + t/45 prime?
True
Let x = -5961 + 9418. Let d = -1351 - 609. Let w = d + x. Is w a prime number?
False
Let t = -1799 + -1525. Let u = 5327 - t. Is u a prime number?
False
Suppose -1 = -3*y + v, 11*y - 6*y - 5*v = -5. Let s(d) = -6*d**3 + 3*d**2 - 2. Let f be s(y). Let r(n) = -n**3 + 9*n**2 + 9*n + 12. Is r(f) a prime number?
True
Let r(h) = 71712*h - 12223. Is r(10) a prime number?
True
Let d(u) be the second derivative of 37*u**5/20 - u**3/6 + 13*u**2/2 + 8*u. Suppose 0 = 14*b - 19*b + 15. Is d(b) prime?
True
Suppose -4034307 - 604892 = -107*x. Is x composite?
True
Let j = 941 - 1506. Let k = -980 - 82. Let u = j - k. Is u composite?
True
Suppose 514 = -2*m - 0*m. Let y = 381 - -271. Let f = y + m. Is f a composite number?
True
Let x be 2/(0 + 1) - (30 - -42). Let h = x - -51. Let b(z) = -4*z + 33. Is b(h) prime?
True
Suppose 0 = -4*m - 2*i + 18, -5*m = -4*i - 1 - 2. Suppose l + m*l = 5*s + 364, 3*s = 3*l - 273. Suppose -l = -4*n + 1. Is n a composite number?
False
Let f be 133044/66 + (2 - 20/11). Let d = f - 309. Suppose -2*n + 4*m + 2094 = 392, 2*n + m = d. Is n composite?
False
Let h(x) = -7910*x - 3223. Is h(-12) a prime number?
False
Suppose -3*l = 15*l - 3*l - 2102385. Is l a composite number?
False
Let m(g) = 13064*g + 347. Is m(3) composite?
True
Let t(o) = 1785*o**2 + 97*o - 75. Is t(7) prime?
True
Suppose -w + 217197 = 4*m - 61234, -4*m = 2*w - 278434. Is m composite?
True
Let k = -47 - -50. Let n be (-3)/(((-9)/(-6))/k). Is 937*3/n*-2 composite?
False
Suppose 4*h - 124 = -3*u, 2*u + 2*u = -3*h + 156. Is (1 + 5)*2/u*7269 a prime number?
True
Suppose 2*b + 4*u = 4*b - 9750, 4*u + 12 = 0. Suppose 0 = 19*k - 10*k - b. Is k composite?
False
Let v(z) = 40 - 6 - 1885*z - 15 + 40. Is v(-6) a prime number?
True
Let f(o) = o - 1. Let y(n) = -2*n - 429. Let c(a) = -4*f(a) - y(a). Let z be c(0). Suppose 0 = 7*i - 3310 + z. Is i composite?
True
Suppose 13*o = 16*o - 6. Suppose -o*z = -1112 - 1958. Is z a prime number?
False
Let v(q) = -294*q + 14383. Is v(0) composite?
True
Suppose -9*b + 7*b + 4*l = -6062, 5*b - 5*l - 15175 = 0. Is b composite?
True
Suppose 2*f - 2*l = -0*l - 48, 3*f + 67 = 2*l. Let q(c) = -c**3 - 18*c**2 + 13*c - 19. Let x be q(f). Suppose 276 = 7*n - x. Is n a composite number?
False
Let n(w) = 0*w + 28*w**2 - 29*w**2 - w - 10*w - 7. Let l be n(-10). Suppose -l*j - 1 = 2, 5*z + 4*j - 2311 = 0. Is z a composite number?
False
Suppose 0 = -5*m + 2*w - 187 - 257, 3*m + w = -262. Let i = m + -724. Let j = -271 - i. Is j a composite number?
False
Let n(g) be the third derivative of 2435*g**4/12 - 3*g**3/2 + 21*g**2 + 1. Is n(1) prime?
True
Let a be 2/16 + (-46)/(-16). Suppose -3*m = v - 7, 0 = v + 8 - a. Suppose -d + m*d - 273 = 0. Is d a composite number?
True
Suppose 0 = -5*b - 20*b. Suppose 2*v + 5*p - 21285 = b, 2*v + v - 5*p - 31940 = 0. Is v a prime number?
False
Let p be 6/(-12) + (3 - (-3117)/6). Suppose 0 = -3*q + 5*h - 2*h + 1548, 0 = -q - 5*h + p. Is q a prime number?
False
Suppose 2*y + 17659 = u, 0 = -2*u - 3*y + 55259 - 19948. Is u composite?
False
Let y = 1 + -2. Is ((-18278)/2)/y - (-15)/(-3) a composite number?
True
Suppose -536 - 46 = -3*k. Let r be k/(-7) - (-2)/(-7). Is (14/r)/(2/(-1796)) prime?
True
Suppose -26*z + 65*z = 33*z + 1337142. Is z prime?
True
Let q(l) be the first derivative of 471*l**2/2 - 54*l - 80. Is q(11) composite?
True
Is (7/(84/(-40892)))/(5/(-30)) a prime number?
False
Suppose -8*n = -10*n. Suppose n = -3*o + 6 + 6. Suppose o*k - 2457 = -5*a, 5*a + 0*a = -2*k + 2451. Is a composite?
True
Let i(f) = 17*f**3 + 14*f**2 + 57*f + 17. Let s be (6/4)/((-141)/(-1316)). Is i(s) a prime number?
True
Suppose 5*i + 3*t = 2*t - 53, -34 = 4*i + 5*t. Let f be i/33 + (-22)/6. Is (-10 - -30)*(-307)/f prime?
False
Let x(n) = -n**2 + n + 92. Let o be x(10). Is 6732 - (o/6 - 80/60) a composite number?
False
Let f(u) = 7887*u - 260. Let s(v) = 23660*v - 775. Let d(z) = -11*f(z) + 4*s(z). Is d(23) a prime number?
False
Let g = 14697 + 63800. Is g prime?
True
Let h = 232085 - 164406. Is h a composite number?
False
Let g = 102347 - 50082. Suppose 0 = -5*q - 4*n + g, -4*q + 16966 + 24846 = 4*n. Is q a composite number?
False
Suppose -5*j + 9*g - 10*g + 44923 = 0, 0 = -5*g + 15. Suppose -j - 56436 = -20*y. Is y a prime number?
True
Suppose 46*v = 2912247 - 825641. Is v a prime number?
True
Let x = -24522 + 222259. Is x composite?
True
Let l(m) = 26193*m**2 - 14*m + 4. Is l(1) prime?
True
Let n = 460169 + 70584. Is n prime?
True
Suppose 0 = -38*x + 22409927 + 63322595. Is x prime?
True
Let f be 3 + 7 - (1 + 3) - 6. Suppose 5*w - 2*y - 12563 = 0, f = -5*w - 5*y + 2169 + 10401. Is w a composite number?
True
Let z(n) = 0*n - 12 + 11 - 7 + 3*n. Let o be z(4). Suppose -8*m = -o*m - 4*u - 1588, 4*m - 1584 = 5*u. Is m a composite number?
False
Let x = -35530 + 117653. Is x a composite number?
True
Is 141001 + (2 - 2)/(11 - (-28)/(-2)) composite?
True
Suppose -4*p - 23 = b, 0*p = -3*p - 12. Let v = 1488 + b. Is v composite?
False
Suppose 5*f + 145 = -5*g, 20 = -f - 3*g - 15. Let a be (f + 27)/(-1*(-1)/(-7)). Is (-1580)/a + 20/70 prime?
False
Let o(n) = -8659*n - 52. Is o(-5) composite?
True
Suppose 0 = 3*p + 5*q - 77239, -p + 278*q - 273*q = -25693. Is p a prime number?
True
Let l = 7 + 13. Let j(g) = -g**2 - 35*g - 284. Let a be j(-18). Suppose -l*m - 682 = -a*m. Is m composite?
True
Let m = -17703 - -68372. Is m composite?
True
Is 10 + (150/(-50) - 1*-141738) a prime number?
False
Suppose 20*r - 528136 = -36*r. Is r prime?
True
Let h(v) = -16*v**3 - 18*v**2 - 8*v + 17. Is h(-17) a prime number?
False
Suppose -655*t + 14581888 = -527*t. Is t composite?
False
Let j be (-18568)/40 - ((-2)/(-5))/(-2). Let p = j + 753. Is p a prime number?
False
Let v(r) = r**3 + r**2 - 4*r + 379. Let x = 47 + -47. Is v(x) a prime number?
True
Let f be (48/40)/((-4)/(-10)). Suppose 2*i - 6*i - 2148 = -4*w, 537 = w + f*i. Is w prime?
False
Let h = -200 - -200. Suppose -4*s - 5*p = -31951, -s - 2*s + 3*p + 23970 = h. Is s composite?
True
Let f(p) = -16*p**2 - 41*p - 8. Let b(y) = -6*y**2 - 14*y - 3. Let g(x) = -11*b(x) + 4*f(x). Let n be g(4). Is (-1040)/(-1) - (n - -10) prime?
False
Let x(l) = -121973*l + 108. Is x(-1) composite?
False
Let r = 26755 + -15938. Is r composite?
True
Let m = -127 + 133. Is (7 - 2061/m)*-2 composite?
False
Let l(i) = 946*i**2 - i + 4. Let o be l(2). Suppose 4*k = -5*j + 10647 - 1152, -4*k = 2*j - o. Is j a composite number?
True
Suppose -23*r + 25*r + 11 = -3*b, -2*r + 4 = -2*b. Let d(c) = -171*c**3 - 2*c**2 + 2*c + 4. Is d(b) a prime number?
True
Suppose -210523 = -16*t + 4*x + 124961, -104850 = -5*t - x. Is t prime?
False
Is 544 - -40837 - (2*-1 - -2) prime?
True
Let x = 6098 - 3527. Is (-12)/(-2)*(-2 - x/(-6)) a prime number?
False
Let h be (42/(-7))/(-4 - -1). Suppose -5*y = 3*r - 21626, -h*r + 2654 = -2*y - 11758. Is r a prime number?
True
Suppose 5*w = 3*q - 268, -w = -4*q + 398 - 18. Is ((-1)/(-6) + (-226672)/q)*-1 a composite number?
True
Is (-1007406)/42*(-6 + -1*1) prime?
False
Let n(y) = 3*y + 2. Let c be n(5). Suppose 26 = 20*g - 7*g. Suppose -g*h - c + 55 = 0. Is h a composite number?
False
Let k = -1136905 + 1940450. Is k a composite number?
True
Let l = -39 - -43. Suppose 0 = l*q - 8 - 8, -q = 4*r - 10368. Is r prime?
True
Suppose 0 = -29*d + 25*d - 4, z - 773660 = 3*d. Is z composite?
False
Suppose 4*a - 3*a - 3*d = 6257, 5*a + 5*d = 31305. Let k = 11 + -11. Suppose -5*p + a - 940 = 3*m, k = 4*m + 20. Is p prime?
False
Let c = 29 + -22. Let w be ((-2)/c)/(3/(-42)). Let h(p) = 5*p**3 - 5*p**2 + 11. Is h(w) composite?
False
Suppose 4*c - 77 - 79 = 0. Let g be -2 + 72/c - (-108)/26. Suppose 0 = -k - 4*k - g*m + 561, 4*k - 449 = -3*m. Is k a composite number?
False
Suppose -5*j - 4*z = -79903 - 41048, 96768 = 4*j - 4*z. Is j prime?
False
Let s = 48765 - -74888. Is s composite?
False
Suppose 5*y - 6*y - 3 = 0. Let x be -3 + 2 - y*2. Suppose 1062 = 5*c + 5*r - 173, -x*c + 1251 = r. Is c a prime number?
True
Suppose -3*y - t + 19405 = 0, -y + 19401 = 2*y + 3*t. Suppose -y - 8863 = -2*g. Is g a prime number?
False
Let m = 366347 + 90236. 